{"id":86733,"date":"2024-10-04T17:17:42","date_gmt":"2024-10-04T17:17:42","guid":{"rendered":"https:\/\/duke-award.de\/?page_id=86733"},"modified":"2026-04-16T11:41:22","modified_gmt":"2026-04-16T11:41:22","slug":"der-duke-im-rahmen-des-startchancenprogramms","status":"publish","type":"page","link":"https:\/\/duke-award.de\/der-duke-im-rahmen-des-startchancenprogramms\/","title":{"rendered":"Startchancenschulen"},"content":{"rendered":"<p>Falls Sie das Duke Programm an Ihrer Schule umsetzen m\u00f6chten, sich aber zu Beginn Unterst\u00fctzung f\u00fcr Ihr Kollegium w\u00fcnschen, k\u00f6nnen Sie diese von unserem Verein erhalten und \u00fcber das Startchancenprogramm oder andere F\u00f6rdert\u00f6pfe mit einem entsprechenden Fokus finanzieren.<\/p>\n<p>Beim Startchancenprogramm kann das Chancenbudget im Rahmen der S\u00e4ule 2 verwendet werden. Denn hier geht es um systematische Potenzialf\u00f6rderung und die Entwicklung und F\u00f6rderung sozio-emotionaler Kompetenzen.<\/p>\n<p>Wie unsere ma\u00dfgeschneiderten Unterst\u00fctzungspakete dabei helfen k\u00f6nnen, mit dem Duke Programm Bildungschancen an Ihrer Schule zu verbessern und nachhaltige Erfolge zu erzielen, auch mit Wirkung auf den Erwerb von Basiskompetenzen, dazu beraten wir Sie sehr gerne. Bitte <a href=\"https:\/\/duke-award.de\/kontakt\/\">kontaktieren<\/a> Sie uns!<\/p>\n<p><img loading=\"lazy\" decoding=\"async\" class=\"alignnone size-full wp-image-86734\" src=\"https:\/\/duke-award.de\/wp-content\/uploads\/2024\/07\/Bild.jpg\" alt=\"\" width=\"300\" height=\"168\" \/><\/p>\n<p>&nbsp;<\/p>\n<p>Die Kosten f\u00fcr die eigenverantwortliche Umsetzung des Duke Programms an einer \u00f6ffentlichen Schule liegen bei 200 Euro j\u00e4hrlich.<\/p>\n<p>Falls Sie das Duke Programm an Ihrer Schule umsetzen m\u00f6chten, sich aber zu Beginn externe Unterst\u00fctzung f\u00fcr Ihr Kollegium w\u00fcnschen, k\u00f6nnen Sie diese von unserem Verein erhalten und \u00fcber das <a href=\"https:\/\/www.bmbf.de\/bmbf\/de\/bildung\/startchancen\/startchancen-programm.html\">Startchancenprogramm<\/a> oder andere F\u00f6rdert\u00f6pfe mit einem entsprechenden Fokus finanzieren.<\/p>\n<p>Beim <a href=\"https:\/\/www.bmbf.de\/bmbf\/de\/bildung\/startchancen\/startchancen-programm.html\">Startchancenprogramm<\/a> kann das Chancenbudget im Rahmen der S\u00e4ule 2 verwendet werden. Denn hier geht es um systematische Potenzialf\u00f6rderung und die Entwicklung und F\u00f6rderung sozio-emotionaler Kompetenzen.<\/p>\n<p>Wie unsere ma\u00dfgeschneiderten Unterst\u00fctzungspakete dabei helfen k\u00f6nnen, mit dem Duke Programm Bildungschancen an Ihrer Schule zu verbessern und nachhaltige Erfolge zu erzielen, auch mit Wirkung auf den Erwerb von Basiskompetenzen, dazu beraten wir Sie sehr gerne. Bitte <a href=\"https:\/\/duke-award.de\/kontakt\/\">kontaktieren<\/a> Sie uns!<\/p>\n","protected":false},"excerpt":{"rendered":"<p>Falls Sie das Duke Programm an Ihrer Schule umsetzen m\u00f6chten, sich aber zu Beginn Unterst\u00fctzung f\u00fcr Ihr Kollegium w\u00fcnschen, k\u00f6nnen Sie diese von unserem Verein erhalten und \u00fcber das Startchancenprogramm oder andere F\u00f6rdert\u00f6pfe mit einem entsprechenden Fokus finanzieren. Beim Startchancenprogramm kann das Chancenbudget im Rahmen der S\u00e4ule 2 verwendet werden. Denn hier geht es um [&hellip;]<\/p>\n","protected":false},"author":73,"featured_media":0,"parent":0,"menu_order":17,"comment_status":"closed","ping_status":"closed","template":"","meta":{"_acf_changed":false,"footnotes":""},"class_list":["post-86733","page","type-page","status-publish","hentry"],"acf":[],"yoast_head":"<!-- This site is optimized with the Yoast SEO plugin v26.5 - https:\/\/yoast.com\/wordpress\/plugins\/seo\/ -->\n<title>Startchancenschulen - The Duke of Edinburgh&#039;s Award<\/title>\n<meta name=\"robots\" content=\"index, follow, max-snippet:-1, max-image-preview:large, max-video-preview:-1\" \/>\n<link rel=\"canonical\" href=\"https:\/\/duke-award.de\/en\/der-duke-im-rahmen-des-startchancenprogramms\/\" \/>\n<meta property=\"og:locale\" content=\"en_US\" \/>\n<meta property=\"og:type\" content=\"article\" \/>\n<meta property=\"og:title\" content=\"Startchancenschulen - The Duke of Edinburgh&#039;s Award\" \/>\n<meta property=\"og:description\" content=\"Falls Sie das Duke Programm an Ihrer Schule umsetzen m\u00f6chten, sich aber zu Beginn Unterst\u00fctzung f\u00fcr Ihr Kollegium w\u00fcnschen, k\u00f6nnen Sie diese von unserem Verein erhalten und \u00fcber das Startchancenprogramm oder andere F\u00f6rdert\u00f6pfe mit einem entsprechenden Fokus finanzieren. Beim Startchancenprogramm kann das Chancenbudget im Rahmen der S\u00e4ule 2 verwendet werden. Denn hier geht es um [&hellip;]\" \/>\n<meta property=\"og:url\" content=\"https:\/\/duke-award.de\/der-duke-im-rahmen-des-startchancenprogramms\/\" \/>\n<meta property=\"og:site_name\" content=\"The Duke of Edinburgh&#039;s Award\" \/>\n<meta property=\"article:publisher\" content=\"https:\/\/www.facebook.com\/DukeAwardGermany\" \/>\n<meta property=\"article:modified_time\" content=\"2026-04-16T11:41:22+00:00\" \/>\n<meta property=\"og:image\" content=\"https:\/\/duke-award.de\/wp-content\/uploads\/2024\/07\/Bild.jpg\" \/>\n\t<meta property=\"og:image:width\" content=\"300\" \/>\n\t<meta property=\"og:image:height\" content=\"168\" \/>\n\t<meta property=\"og:image:type\" content=\"image\/jpeg\" \/>\n<meta name=\"twitter:card\" content=\"summary_large_image\" \/>\n<meta name=\"twitter:label1\" content=\"Est. reading time\" \/>\n\t<meta name=\"twitter:data1\" content=\"2 minutes\" \/>\n<script type=\"application\/ld+json\" class=\"yoast-schema-graph\">{\"@context\":\"https:\/\/schema.org\",\"@graph\":[{\"@type\":\"WebPage\",\"@id\":\"https:\/\/duke-award.de\/der-duke-im-rahmen-des-startchancenprogramms\/\",\"url\":\"https:\/\/duke-award.de\/der-duke-im-rahmen-des-startchancenprogramms\/\",\"name\":\"Startchancenschulen - The Duke of Edinburgh&#039;s Award\",\"isPartOf\":{\"@id\":\"https:\/\/duke-award.de\/en\/#website\"},\"primaryImageOfPage\":{\"@id\":\"https:\/\/duke-award.de\/der-duke-im-rahmen-des-startchancenprogramms\/#primaryimage\"},\"image\":{\"@id\":\"https:\/\/duke-award.de\/der-duke-im-rahmen-des-startchancenprogramms\/#primaryimage\"},\"thumbnailUrl\":\"https:\/\/duke-award.de\/wp-content\/uploads\/2024\/07\/Bild.jpg\",\"datePublished\":\"2024-10-04T17:17:42+00:00\",\"dateModified\":\"2026-04-16T11:41:22+00:00\",\"inLanguage\":\"en-US\",\"potentialAction\":[{\"@type\":\"ReadAction\",\"target\":[\"https:\/\/duke-award.de\/der-duke-im-rahmen-des-startchancenprogramms\/\"]}]},{\"@type\":\"ImageObject\",\"inLanguage\":\"en-US\",\"@id\":\"https:\/\/duke-award.de\/der-duke-im-rahmen-des-startchancenprogramms\/#primaryimage\",\"url\":\"https:\/\/duke-award.de\/wp-content\/uploads\/2024\/07\/Bild.jpg\",\"contentUrl\":\"https:\/\/duke-award.de\/wp-content\/uploads\/2024\/07\/Bild.jpg\"},{\"@type\":\"WebSite\",\"@id\":\"https:\/\/duke-award.de\/en\/#website\",\"url\":\"https:\/\/duke-award.de\/en\/\",\"name\":\"duke-award.de\",\"description\":\"Pers\u00f6nlichkeitsentwicklung\",\"publisher\":{\"@id\":\"https:\/\/duke-award.de\/en\/#organization\"},\"potentialAction\":[{\"@type\":\"SearchAction\",\"target\":{\"@type\":\"EntryPoint\",\"urlTemplate\":\"https:\/\/duke-award.de\/en\/?s={search_term_string}\"},\"query-input\":{\"@type\":\"PropertyValueSpecification\",\"valueRequired\":true,\"valueName\":\"search_term_string\"}}],\"inLanguage\":\"en-US\"},{\"@type\":\"Organization\",\"@id\":\"https:\/\/duke-award.de\/en\/#organization\",\"name\":\"The Duke of Edinburgh's International Award - Germany\",\"url\":\"https:\/\/duke-award.de\/en\/\",\"logo\":{\"@type\":\"ImageObject\",\"inLanguage\":\"en-US\",\"@id\":\"https:\/\/duke-award.de\/en\/#\/schema\/logo\/image\/\",\"url\":\"https:\/\/duke-award.de\/wp-content\/uploads\/2023\/08\/Logo-Duke-Award.png\",\"contentUrl\":\"https:\/\/duke-award.de\/wp-content\/uploads\/2023\/08\/Logo-Duke-Award.png\",\"width\":3004,\"height\":1075,\"caption\":\"The Duke of Edinburgh's International Award - Germany\"},\"image\":{\"@id\":\"https:\/\/duke-award.de\/en\/#\/schema\/logo\/image\/\"},\"sameAs\":[\"https:\/\/www.facebook.com\/DukeAwardGermany\",\"https:\/\/www.instagram.com\/dukeaward\/\"]}]}<\/script>\n<!-- \/ Yoast SEO plugin. -->","yoast_head_json":{"title":"Startchancenschulen - The Duke of Edinburgh&#039;s Award","robots":{"index":"index","follow":"follow","max-snippet":"max-snippet:-1","max-image-preview":"max-image-preview:large","max-video-preview":"max-video-preview:-1"},"canonical":"https:\/\/duke-award.de\/en\/der-duke-im-rahmen-des-startchancenprogramms\/","og_locale":"en_US","og_type":"article","og_title":"Startchancenschulen - The Duke of Edinburgh&#039;s Award","og_description":"Falls Sie das Duke Programm an Ihrer Schule umsetzen m\u00f6chten, sich aber zu Beginn Unterst\u00fctzung f\u00fcr Ihr Kollegium w\u00fcnschen, k\u00f6nnen Sie diese von unserem Verein erhalten und \u00fcber das Startchancenprogramm oder andere F\u00f6rdert\u00f6pfe mit einem entsprechenden Fokus finanzieren. Beim Startchancenprogramm kann das Chancenbudget im Rahmen der S\u00e4ule 2 verwendet werden. Denn hier geht es um [&hellip;]","og_url":"https:\/\/duke-award.de\/der-duke-im-rahmen-des-startchancenprogramms\/","og_site_name":"The Duke of Edinburgh&#039;s Award","article_publisher":"https:\/\/www.facebook.com\/DukeAwardGermany","article_modified_time":"2026-04-16T11:41:22+00:00","og_image":[{"width":300,"height":168,"url":"https:\/\/duke-award.de\/wp-content\/uploads\/2024\/07\/Bild.jpg","type":"image\/jpeg"}],"twitter_card":"summary_large_image","twitter_misc":{"Est. reading time":"2 minutes"},"schema":{"@context":"https:\/\/schema.org","@graph":[{"@type":"WebPage","@id":"https:\/\/duke-award.de\/der-duke-im-rahmen-des-startchancenprogramms\/","url":"https:\/\/duke-award.de\/der-duke-im-rahmen-des-startchancenprogramms\/","name":"Startchancenschulen - The Duke of Edinburgh&#039;s Award","isPartOf":{"@id":"https:\/\/duke-award.de\/en\/#website"},"primaryImageOfPage":{"@id":"https:\/\/duke-award.de\/der-duke-im-rahmen-des-startchancenprogramms\/#primaryimage"},"image":{"@id":"https:\/\/duke-award.de\/der-duke-im-rahmen-des-startchancenprogramms\/#primaryimage"},"thumbnailUrl":"https:\/\/duke-award.de\/wp-content\/uploads\/2024\/07\/Bild.jpg","datePublished":"2024-10-04T17:17:42+00:00","dateModified":"2026-04-16T11:41:22+00:00","inLanguage":"en-US","potentialAction":[{"@type":"ReadAction","target":["https:\/\/duke-award.de\/der-duke-im-rahmen-des-startchancenprogramms\/"]}]},{"@type":"ImageObject","inLanguage":"en-US","@id":"https:\/\/duke-award.de\/der-duke-im-rahmen-des-startchancenprogramms\/#primaryimage","url":"https:\/\/duke-award.de\/wp-content\/uploads\/2024\/07\/Bild.jpg","contentUrl":"https:\/\/duke-award.de\/wp-content\/uploads\/2024\/07\/Bild.jpg"},{"@type":"WebSite","@id":"https:\/\/duke-award.de\/en\/#website","url":"https:\/\/duke-award.de\/en\/","name":"duke-award.de","description":"Pers\u00f6nlichkeitsentwicklung","publisher":{"@id":"https:\/\/duke-award.de\/en\/#organization"},"potentialAction":[{"@type":"SearchAction","target":{"@type":"EntryPoint","urlTemplate":"https:\/\/duke-award.de\/en\/?s={search_term_string}"},"query-input":{"@type":"PropertyValueSpecification","valueRequired":true,"valueName":"search_term_string"}}],"inLanguage":"en-US"},{"@type":"Organization","@id":"https:\/\/duke-award.de\/en\/#organization","name":"The Duke of Edinburgh's International Award - Germany","url":"https:\/\/duke-award.de\/en\/","logo":{"@type":"ImageObject","inLanguage":"en-US","@id":"https:\/\/duke-award.de\/en\/#\/schema\/logo\/image\/","url":"https:\/\/duke-award.de\/wp-content\/uploads\/2023\/08\/Logo-Duke-Award.png","contentUrl":"https:\/\/duke-award.de\/wp-content\/uploads\/2023\/08\/Logo-Duke-Award.png","width":3004,"height":1075,"caption":"The Duke of Edinburgh's International Award - Germany"},"image":{"@id":"https:\/\/duke-award.de\/en\/#\/schema\/logo\/image\/"},"sameAs":["https:\/\/www.facebook.com\/DukeAwardGermany","https:\/\/www.instagram.com\/dukeaward\/"]}]}},"_links":{"self":[{"href":"https:\/\/duke-award.de\/en\/wp-json\/wp\/v2\/pages\/86733","targetHints":{"allow":["GET"]}}],"collection":[{"href":"https:\/\/duke-award.de\/en\/wp-json\/wp\/v2\/pages"}],"about":[{"href":"https:\/\/duke-award.de\/en\/wp-json\/wp\/v2\/types\/page"}],"author":[{"embeddable":true,"href":"https:\/\/duke-award.de\/en\/wp-json\/wp\/v2\/users\/73"}],"replies":[{"embeddable":true,"href":"https:\/\/duke-award.de\/en\/wp-json\/wp\/v2\/comments?post=86733"}],"version-history":[{"count":27,"href":"https:\/\/duke-award.de\/en\/wp-json\/wp\/v2\/pages\/86733\/revisions"}],"predecessor-version":[{"id":90872,"href":"https:\/\/duke-award.de\/en\/wp-json\/wp\/v2\/pages\/86733\/revisions\/90872"}],"wp:attachment":[{"href":"https:\/\/duke-award.de\/en\/wp-json\/wp\/v2\/media?parent=86733"}],"curies":[{"name":"wp","href":"https:\/\/api.w.org\/{rel}","templated":true}]}}

<p>Falls Sie das Duke Programm an Ihrer Schule umsetzen möchten, sich aber zu Beginn Unterstützung für Ihr Kollegium wünschen, können Sie diese von unserem Verein erhalten und über das Startchancenprogramm oder andere Fördertöpfe mit einem entsprechenden Fokus finanzieren.</p>
<p>Beim Startchancenprogramm kann das Chancenbudget im Rahmen der Säule 2 verwendet werden. Denn hier geht es um systematische Potenzialförderung und die Entwicklung und Förderung sozio-emotionaler Kompetenzen.</p>
<p>Wie unsere maßgeschneiderten Unterstützungspakete dabei helfen können, mit dem Duke Programm Bildungschancen an Ihrer Schule zu verbessern und nachhaltige Erfolge zu erzielen, auch mit Wirkung auf den Erwerb von Basiskompetenzen, dazu beraten wir Sie sehr gerne. Bitte <a href="https://duke-award.de/kontakt/">kontaktieren</a> Sie uns!</p>
<p><img loading="lazy" decoding="async" class="alignnone size-full wp-image-86734" src="https://duke-award.de/wp-content/uploads/2024/07/Bild.jpg" alt="" width="300" height="168" /></p>
<p>&nbsp;</p>
<p>Die Kosten für die eigenverantwortliche Umsetzung des Duke Programms an einer öffentlichen Schule liegen bei 200 Euro jährlich.</p>
<p>Falls Sie das Duke Programm an Ihrer Schule umsetzen möchten, sich aber zu Beginn externe Unterstützung für Ihr Kollegium wünschen, können Sie diese von unserem Verein erhalten und über das <a href="https://www.bmbf.de/bmbf/de/bildung/startchancen/startchancen-programm.html">Startchancenprogramm</a> oder andere Fördertöpfe mit einem entsprechenden Fokus finanzieren.</p>
<p>Beim <a href="https://www.bmbf.de/bmbf/de/bildung/startchancen/startchancen-programm.html">Startchancenprogramm</a> kann das Chancenbudget im Rahmen der Säule 2 verwendet werden. Denn hier geht es um systematische Potenzialförderung und die Entwicklung und Förderung sozio-emotionaler Kompetenzen.</p>
<p>Wie unsere maßgeschneiderten Unterstützungspakete dabei helfen können, mit dem Duke Programm Bildungschancen an Ihrer Schule zu verbessern und nachhaltige Erfolge zu erzielen, auch mit Wirkung auf den Erwerb von Basiskompetenzen, dazu beraten wir Sie sehr gerne. Bitte <a href="https://duke-award.de/kontakt/">kontaktieren</a> Sie uns!</p>

<p>Falls Sie das Duke Programm an Ihrer Schule umsetzen möchten, sich aber zu Beginn Unterstützung für Ihr Kollegium wünschen, können Sie diese von unserem Verein erhalten und über das Startchancenprogramm oder andere Fördertöpfe mit einem entsprechenden Fokus finanzieren. Beim Startchancenprogramm kann das Chancenbudget im Rahmen der Säule 2 verwendet werden. Denn hier geht es um [&hellip;]</p>

<!-- This site is optimized with the Yoast SEO plugin v26.5 - https://yoast.com/wordpress/plugins/seo/ -->
<title>Startchancenschulen - The Duke of Edinburgh&#039;s Award</title>
<meta name="robots" content="index, follow, max-snippet:-1, max-image-preview:large, max-video-preview:-1" />
<link rel="canonical" href="https://duke-award.de/en/der-duke-im-rahmen-des-startchancenprogramms/" />
<meta property="og:locale" content="en_US" />
<meta property="og:type" content="article" />
<meta property="og:title" content="Startchancenschulen - The Duke of Edinburgh&#039;s Award" />
<meta property="og:description" content="Falls Sie das Duke Programm an Ihrer Schule umsetzen möchten, sich aber zu Beginn Unterstützung für Ihr Kollegium wünschen, können Sie diese von unserem Verein erhalten und über das Startchancenprogramm oder andere Fördertöpfe mit einem entsprechenden Fokus finanzieren. Beim Startchancenprogramm kann das Chancenbudget im Rahmen der Säule 2 verwendet werden. Denn hier geht es um [&hellip;]" />
<meta property="og:url" content="https://duke-award.de/der-duke-im-rahmen-des-startchancenprogramms/" />
<meta property="og:site_name" content="The Duke of Edinburgh&#039;s Award" />
<meta property="article:publisher" content="https://www.facebook.com/DukeAwardGermany" />
<meta property="article:modified_time" content="2026-04-16T11:41:22+00:00" />
<meta property="og:image" content="https://duke-award.de/wp-content/uploads/2024/07/Bild.jpg" />
	<meta property="og:image:width" content="300" />
	<meta property="og:image:height" content="168" />
	<meta property="og:image:type" content="image/jpeg" />
<meta name="twitter:card" content="summary_large_image" />
<meta name="twitter:label1" content="Est. reading time" />
	<meta name="twitter:data1" content="2 minutes" />
<script type="application/ld+json" class="yoast-schema-graph">{"@context":"https://schema.org","@graph":[{"@type":"WebPage","@id":"https://duke-award.de/der-duke-im-rahmen-des-startchancenprogramms/","url":"https://duke-award.de/der-duke-im-rahmen-des-startchancenprogramms/","name":"Startchancenschulen - The Duke of Edinburgh&#039;s Award","isPartOf":{"@id":"https://duke-award.de/en/#website"},"primaryImageOfPage":{"@id":"https://duke-award.de/der-duke-im-rahmen-des-startchancenprogramms/#primaryimage"},"image":{"@id":"https://duke-award.de/der-duke-im-rahmen-des-startchancenprogramms/#primaryimage"},"thumbnailUrl":"https://duke-award.de/wp-content/uploads/2024/07/Bild.jpg","datePublished":"2024-10-04T17:17:42+00:00","dateModified":"2026-04-16T11:41:22+00:00","inLanguage":"en-US","potentialAction":[{"@type":"ReadAction","target":["https://duke-award.de/der-duke-im-rahmen-des-startchancenprogramms/"]}]},{"@type":"ImageObject","inLanguage":"en-US","@id":"https://duke-award.de/der-duke-im-rahmen-des-startchancenprogramms/#primaryimage","url":"https://duke-award.de/wp-content/uploads/2024/07/Bild.jpg","contentUrl":"https://duke-award.de/wp-content/uploads/2024/07/Bild.jpg"},{"@type":"WebSite","@id":"https://duke-award.de/en/#website","url":"https://duke-award.de/en/","name":"duke-award.de","description":"Persönlichkeitsentwicklung","publisher":{"@id":"https://duke-award.de/en/#organization"},"potentialAction":[{"@type":"SearchAction","target":{"@type":"EntryPoint","urlTemplate":"https://duke-award.de/en/?s={search_term_string}"},"query-input":{"@type":"PropertyValueSpecification","valueRequired":true,"valueName":"search_term_string"}}],"inLanguage":"en-US"},{"@type":"Organization","@id":"https://duke-award.de/en/#organization","name":"The Duke of Edinburgh's International Award - Germany","url":"https://duke-award.de/en/","logo":{"@type":"ImageObject","inLanguage":"en-US","@id":"https://duke-award.de/en/#/schema/logo/image/","url":"https://duke-award.de/wp-content/uploads/2023/08/Logo-Duke-Award.png","contentUrl":"https://duke-award.de/wp-content/uploads/2023/08/Logo-Duke-Award.png","width":3004,"height":1075,"caption":"The Duke of Edinburgh's International Award - Germany"},"image":{"@id":"https://duke-award.de/en/#/schema/logo/image/"},"sameAs":["https://www.facebook.com/DukeAwardGermany","https://www.instagram.com/dukeaward/"]}]}</script>
<!-- / Yoast SEO plugin. -->

Falls Sie das Duke Programm an Ihrer Schule umsetzen möchten, sich aber zu Beginn Unterstützung für Ihr Kollegium wünschen, können Sie diese von unserem Verein erhalten und über das Startchancenprogramm oder andere Fördertöpfe mit einem entsprechenden Fokus finanzieren. Beim Startchancenprogramm kann das Chancenbudget im Rahmen der Säule 2 verwendet werden. Denn hier geht es um [&hellip;]

Persönlichkeitsentwicklung
